*z = 366. What is the tens digit of z?
6
Suppose -3*j = -9*j. Let b be j/(-1 + 7 + -4). What is the units digit of 5 - (1 + b + -1)?
5
Suppose -6*q = 2 - 26. Let x be (2 - 4) + 0 - q. What is the units digit of (21/14)/(x/(-44))?
1
What is the hundreds digit of 10/(-55) + 62190/99?
6
Suppose 3*k = k. Let a(h) = h**2 + k + 4 - h - 2*h + 0. What is the units digit of a(3)?
4
Let t = 471 + -669. Let h = -46 - t. Suppose h = -5*f + 7*f. What is the units digit of f?
6
What is the tens digit of -55 + 144 - 1/1*-5?
9
Let p(w) = -w**2 - w + 45. Let q be p(-7). What is the hundreds digit of -43*(-4 + q/(-1))?
3
Suppose 4*q - q + 1576 = 4*c, -3*c - 5*q + 1211 = 0. Suppose 143 = 4*i - c. What is the tens digit of i?
3
Let r(i) = -3*i - 1. Let h(q) = 3*q. Let y(c) = 2*h(c) + 3*r(c). Suppose -2*t = 4*d + 2*t + 12, 5*d - 4*t + 51 = 0. What is the units digit of y(d)?
8
Suppose 4*h - 5*i = 7*h - 10, 3*h + 4 = 2*i. Suppose -5*m - 2*p - 2*p + 819 = 0, 4*m - p - 651 = h. What is the tens digit of m?
6
Suppose -44*f + 47*f - 336 = 0. Let c = -70 + f. What is the units digit of c?
2
Let l(h) = h + 10. Let w be l(-9). Let d(a) = -2*a + 6 - a + 2*a + w. What is the units digit of d(4)?
3
Let n = -45 - -28. Let w(l) be the first derivative of -3*l**2/2 - 8*l + 157. What is the tens digit of w(n)?
4
Let b(l) = 20*l - 113. What is the tens digit of b(14)?
6
Let u(c) = 2*c**2 - 2*c - 18. Let l be u(8). Suppose -y - 2 = -l. What is the tens digit of y?
9
Suppose 0 = -3*p + 138 - 93. What is the units digit of p?
5
Suppose 5 - 11 = -2*c. Suppose 5*t + 8 = c. Let h(w) = -24*w**3 - 2*w**2 - w. What is the tens digit of h(t)?
2
Let q(j) = j**3 + 5*j**2 - 3*j. Let l be q(3). What is the units digit of 243/l + (-1)/(-7)?
4
Let s(o) = o + 8. Let i be s(-6). Suppose -i*l - l + 585 = 0. Suppose -c = -6*c + l. What is the tens digit of c?
3
Let h(u) = 2*u**3 - 20*u**2 + 10*u + 19. What is the tens digit of h(10)?
1
Suppose 4*i = -c + 66 + 29, -i = -5*c + 517. What is the units digit of c?
3
Suppose 6*d - 130 = d. Suppose -10*w - 1098 = -28*w. Let m = w - d. What is the tens digit of m?
3
Let m(w) = w**2 - 12*w - 6. Let j(p) = -p**2 + 12*p + 5. Let u(y) = -3*j(y) - 4*m(y). What is the units digit of u(10)?
9
Let m = -95 + 99. Suppose 0 = 15*s - 10*s - 15, m*i - 2*s - 198 = 0. What is the units digit of i?
1
Let q(a) = -a**3 - 6*a**2 - 8*a + 1. Let m be q(-4). Let b(z) = 16*z**3 - z**2 + z - 1. What is the units digit of b(m)?
5
Let o(r) = r**3 + 3*r - 1. Let w be o(-3). Let u be w*3*1/(-3). Suppose 3*k + u = 157. What is the tens digit of k?
4
Let j(o) = -o**2 + 2*o + 1. Let l be j(2). Suppose 3*m - 12 = 0, 0*k + k = m - l. Suppose 20 = x + k*x. What is the units digit of x?
5
Let s(o) = 113*o**2 + 3*o + 4. Let b be s(-1). Suppose -2*u - 2*f + 0*f + b = 0, -175 = -3*u - 2*f. What is the units digit of u?
1
Suppose -3*b + l + 3*l - 1 = 0, 0 = 5*b + l - 6. Suppose 7*y = 25*y. What is the units digit of (-8)/((b - y)*-1)?
8
Let b = 8 + -8. Suppose 52 - 12 = -2*n + 4*u, -3*n + 5*u - 60 = b. What is the units digit of (24/n)/((-6)/135)?
7
What is the units digit of (-4064)/(-19) + (-12)/(-114)?
4
Let z(g) = 17*g**2 + 96*g + 728. What is the units digit of z(-8)?
8
Let k(v) = -v - 4. Let l(h) = -4*h - 12. Let w(t) = 11*k(t) - 4*l(t). Let n be w(5). What is the tens digit of (n + -1 + 1)/1?
2
What is the units digit of 555 - (4/(-9))/(8/(-36))?
3
Let n = -91 - -109. Let f = -36 - -72. What is the units digit of (f/27)/(1/n)?
4
Suppose 905 + 425 = 7*d. What is the hundreds digit of d?
1
Let h(d) = -d**3 - 8*d**2 + 8*d + 1. Let n be (-28)/3 - (-5)/15. Let a be h(n). What is the units digit of 4/20 + 248/a?
5
Let i(h) = 9*h**2 + 5*h - 34. What is the tens digit of i(8)?
8
Let k = -984 + 1945. What is the hundreds digit of k?
9
What is the tens digit of 2/16 + 7134/16 + 3?
4
Suppose -10*q - 20 = -15*q. Suppose -q*x = -42 - 82. What is the units digit of x?
1
Suppose -14 = b - 4*r - 58, 4*b = -2*r + 86. Suppose -t + 4*g + 24 = 3*t, -4*t + g + b = 0. Let i = t + -4. What is the units digit of i?
2
Let n(s) = 4*s**2 + 31*s - 156. What is the hundreds digit of n(6)?
1
Suppose 0 = -o + 5*r + 17, 2*r + 7 = 2*o + r. Suppose 0 = 5*s - 4 - 36. What is the tens digit of 24 + (s/o - 2)?
2
Let w(t) = t**3 + 5*t**2 - 2*t - 5. Let n be w(-5). Suppose 4*i - 14 = -2*c + i, 0 = n*c + 3*i - 53. Let u = c + -6. What is the units digit of u?
7
Let y(i) = -41*i + 21. Let s(z) = -21*z + 10. Let a(l) = 5*s(l) - 2*y(l). What is the units digit of a(-5)?
3
Let h = 4045 - 2635. What is the tens digit of h?
1
Let v be 11/(-1) + (-9)/3. What is the units digit of (-2)/((v/(-4))/(-7))?
4
Let c(m) = m. Let o be c(7). What is the hundreds digit of 160 - (2 - o) - -4?
1
Let h(g) = -11*g**3 - g**2 - g + 1. Let s be h(1). Let f(k) = k**3 + 12*k**2 - 5*k + 12. What is the tens digit of f(s)?
7
Suppose -82 = -2*n + 66. Let m = n - -191. What is the hundreds digit of m?
2
Let r = -22 - -27. Let w be 3*(-4 + r) - 3. Suppose 70 = 2*x - w*x. What is the tens digit of x?
3
What is the thousands digit of ((-24)/(-28)*-3)/((-30)/73290)?
6
Let r = 3728 - 2197. What is the tens digit of r?
3
Let m(h) = 80*h + 87. What is the units digit of m(2)?
7
Let w be 363 - (4/(-4) - -3). Suppose 0*s = -3*k + 2*s + 211, 5*k = s + w. What is the units digit of k?
3
Let i = -11 + 14. Suppose -5*l + i*w = 2*w - 125, -l + 3*w + 11 = 0. What is the tens digit of l?
2
Suppose 0 = 4*n + 48 - 2336. What is the tens digit of n?
7
Suppose p + 5*o = 797, 3*p + 0*p - 4*o - 2410 = 0. What is the units digit of p?
2
Let k(d) = d**3 - d**2 - 4*d - 4. Let p be k(3). What is the tens digit of p/(-11) + (-112)/(-11)?
1
Let h(j) = j**2 - 5*j. Let l = -15 + 7. Let s be (l/(-12))/((-6)/45). What is the units digit of h(s)?
0
Suppose -3*u + 2*h = -10, 3*h + h = -u + 22. Let r be (4/(-3))/(2/u). Let l = 9 + r. What is the units digit of l?
5
Let u(x) = 55*x**2 - 65*x - 9. What is the units digit of u(4)?
1
Suppose j = 4*q + 425, 5*j - 27*q + 31*q = 2173. What is the tens digit of j?
3
Let f(z) be the third derivative of z**5/30 - z**4/24 - 7*z**3/3 + 9*z**2. What is the tens digit of f(6)?
5
Let b(h) = -11*h**2 + 3*h - 2. Let w(g) = -22*g**2 + 7*g - 5. Let q(f) = -7*b(f) + 3*w(f). Suppose i + 3*u = -2, 2*u + 2*u = 0. What is the tens digit of q(i)?
4
Suppose 12 = m + 13. Let g(r) = 118*r**2 - 2*r - 1. What is the units digit of g(m)?
9
Let z(r) be the first derivative of -2*r**2 + 16*r + 8. What is the units digit of z(-10)?
6
Let p(z) = 4*z**3 + 15*z**2 + 4*z + 17. Let s(y) = y**3 + y**2 - y + 1. Let v(k) = -p(k) + 3*s(k). What is the tens digit of v(-12)?
7
Suppose 19*u + 19770 = 29*u. What is the units digit of u?
7
Suppose -71*f = -114*f + 80410. What is the units digit of f?
0
Suppose 1 = -2*s - 5. Let l be s - (-24)/(-4) - 2. Let b = l + 39. What is the tens digit of b?
2
Suppose 0*a + 5*a - 10 = 2*z, 3*a - 6 = z. Suppose -a*r + 9 = -3*h - 5*r, -3*r + 27 = -3*h. Let d = 5 - h. What is the units digit of d?
1
Suppose 87 - 10 = 11*y. Suppose 4*k - 165 = -y*k. What is the units digit of k?
5
Let d(q) = q - 2. Let x be d(-4). What is the units digit of 508/18 - x/(-27)?
8
Let h(p) = 632*p - 302. What is the hundreds digit of h(3)?
5
Suppose -72*s = -70*s. Suppose -7*u - 237 + 2239 = s. What is the hundreds digit of u?
2
Let p(o) = 7*o**2 - 3*o + 1. Let n be p(1). Suppose -n*y + 4*c = -17, 0 + 2 = c. Suppose 0 = 3*l + y*x - 74, x - 114 = -5*l + 2*x. What is the tens digit of l?
2
Let p be (5 + -1)*(-25)/(-20). Suppose p*j = 519 + 466. What is the units digit of j?
7
Let y = 35 + -20. Suppose 2*v + 5 = -y. What is the tens digit of (v/15)/((-4)/78)?
1
Suppose 3*c + 12 = 0, -3*c + 18 = 5*m - 6*m. Suppose -2*k - 3*q - 140 = 2*q, -2*k - q = 140. What is the units digit of (k/21)/(4/m)?
5
Suppose -c - 5 = -z - 39, -z - 190 = -5*c. Let n = -13 + c. What is the tens digit of n?
2
Suppose 64*b = 62*b + 674. What is the hundreds digit of b?
3
Let h(o) = -3*o**3 + 85*o**2 - 14*o + 20. What is the hundreds digit of h(28)?
4
Let w(o) = 5*o + 43. What is the tens digit of w(7)?
7
Suppose q + 40 = -4*q. Let f be ((-268)/q)/(1/2). Let h = -45 + f. What is the tens digit of h?
2
Suppose -59*i = -54*i + 600. Let o = 222 + i. What is the tens digit of o?
0
Suppose -5*y - w = -169,